+ i - 175 = -0*i. Suppose b = 5*v - 3*h, 0 = -6*h + 2*h - 16. What is the units digit of v?
9
Let b be (12/6)/((-2)/(-3)). Suppose 3 = 2*i - b. What is the units digit of i?
3
Let s be 2*(-15)/(-6) + -1. Suppose s*i - 58 = 18. What is the units digit of i?
9
Let n(z) be the third derivative of -z**5/60 - z**4/6 + z**3/2 + z**2. Let o be n(-4). Suppose 4*i = -f + 11, 2*i - 5 - 4 = o*f. What is the units digit of i?
3
Let o(j) = -j**3 - 3*j**2 + 3*j - 4. Let q be o(-4). Suppose -4*m - 5*y + 114 = q, -y = 4*m + 2*y - 118. What is the units digit of m?
1
Let z be (0 + (-8)/6)*6. What is the tens digit of 44/z*-6 + 3?
3
Suppose 4*l + 0*x + 6 = 2*x, 5*x = -3*l + 2. What is the units digit of (-6)/l - 12/(-6)?
8
Let t = -126 + 176. What is the units digit of t?
0
Let y be 6/10 - 16/(-40). What is the units digit of (14/(-4))/(y/(-2))?
7
Let p = 45 - -2. What is the units digit of p?
7
Let f(t) = -t + 1. Let x be f(0). Let q be (-1)/((1 - x) + -1). What is the units digit of (q/(3/15))/1?
5
Let d be -2 + -1 + (-70)/(-2). Let n = d + -17. What is the units digit of n?
5
Suppose -g + 2*d = -0*d - 4, -6 = -5*g + 3*d. Let c be ((-3)/4)/((-1)/4). Suppose -5*u = -3*k - 3*u + 5, g = c*k + 5*u - 40. What is the units digit of k?
5
Let j(u) = 2*u + 13. Suppose x + 6 = 2*x. What is the tens digit of j(x)?
2
Let c(h) = 16*h**2 + 2*h - 1. What is the units digit of c(1)?
7
Suppose 5*m + 16 = 7*m. What is the units digit of m?
8
Let w be ((-48)/40)/((-6)/(-280)). What is the tens digit of (96/w)/((-2)/28)?
2
Suppose -12 = -4*h - 3*v, -2*h - v + 4 = -4. What is the units digit of h?
6
What is the hundreds digit of (6 + -9)/(1/(-37))?
1
Suppose 2*q + 2*q = 20. Let n = q + -1. What is the units digit of n?
4
Suppose 3*j + 2*j - 160 = -5*k, k = 5*j - 160. What is the tens digit of j?
3
Let x be 1/(-4) - 3/(-12). Suppose d + 2 = -x*d. What is the tens digit of (-8 + d)*8/(-5)?
1
Suppose x = o - 2*x + 14, 9 = 4*o + x. Let z be -1*(2 - o) - 0. What is the units digit of (-1)/((2/4)/z)?
2
What is the hundreds digit of 1555/5*(0 + 3 - 2)?
3
Let a(m) = -4*m + 19. What is the units digit of a(-16)?
3
What is the tens digit of (-8)/44 + (-827)/(-11)?
7
Let q(a) be the third derivative of -a**5/30 - a**4/8 - a**3/6 - 2*a**2. Let c(j) be the first derivative of q(j). What is the units digit of c(-2)?
5
Suppose 0 = 2*a - a - 41. Let v = a + -15. What is the tens digit of v?
2
Let k(w) = w**3 + 9*w**2 + 2. Let l be -3 + -8 - 2/(-1). What is the units digit of k(l)?
2
Suppose -9 = -3*x + 6. Suppose -3*l - n + 31 = -5, 5*l = x*n + 80. What is the tens digit of l?
1
Let c(v) = -v + 9. Let y be c(3). Suppose -y*u + 2*u - m + 75 = 0, 2*u - 20 = -4*m. What is the tens digit of u?
2
Let d(o) = -30 + 29 + 0*o - 3*o. Suppose -4*s = 20, 15 = 5*k + 4*s + 55. What is the tens digit of d(k)?
1
Suppose 0 = 2*y + k - 68, 4*k - 29 = -y + 5. What is the tens digit of y?
3
Let j be (-6)/4*12/(-9). Let s be (2 + j)/(2/(-4)). Let k = 13 + s. What is the units digit of k?
5
Let u be ((-95)/20)/(2/(-8)). Suppose -8*r + 3*r - 15 = 5*o, 3*r + 5*o = -u. What is the units digit of (8 - (2 + 0)) + r?
8
Let a(h) = h**2 + 4*h - 24. What is the tens digit of a(8)?
7
Suppose 0 = 5*a - 37 + 2. Let j = -4 + a. What is the units digit of j?
3
Suppose 2*r - 8 = 0, 0*q - 2*q + 2*r = -70. Suppose -5*a = -13 - 12. Suppose -5*n - q = -4*s, 3*s + a*n = 16 + 22. What is the tens digit of s?
1
Suppose -3*w = 5*n - 12, -2*n + 2*w = w + 4. Suppose -2*r + n + 4 = 0. What is the units digit of r?
2
Let u = 4 - -9. Let c(d) = -d**2 + 14*d + 16. What is the units digit of c(u)?
9
Suppose -3*v + 0 = 3. Let i be -6*1/2*v. Suppose 5*p - 51 = -0*p - 4*g, 4*p - i*g - 47 = 0. What is the tens digit of p?
1
Let x be -2 + -3 + 38 + 1. What is the units digit of x/9 + 10/45?
4
Let j(r) = -3*r**2 + 19*r + 3. Let l(u) = 2*u**2 - 10*u - 1. Let c(p) = 3*j(p) + 5*l(p). Let v be c(-6). What is the tens digit of (-1 - 1*v) + 11?
1
Suppose 0 = -2*l - 3*l + 75. Let p = l + -3. What is the units digit of p?
2
Suppose -3*h - 4 = -5*h + q, 0 = 5*q. Let v = 9 + -7. Suppose -h*m = 4*o - 0*o + 12, 2*m = -v*o - 2. What is the units digit of m?
4
Let v = -21 + 277. What is the hundreds digit of v?
2
Let f(s) = 3*s - 5. Suppose 2*p = 3*p - 5. What is the tens digit of f(p)?
1
Suppose 0 = -3*b - 5*g + 214, -b = 5*g - g - 69. What is the tens digit of b?
7
Let o(p) be the second derivative of p**3/3 - p**2 - 7*p. What is the units digit of o(5)?
8
Let q(j) be the third derivative of 7/6*j**3 - 2*j**2 + 0 + 0*j**4 + 7/60*j**5 - 1/120*j**6 + 0*j. What is the units digit of q(7)?
7
Let j = -2 + 7. Suppose 0 = -t + 3*f + 10, -3*t + 0*t + j*f + 46 = 0. What is the tens digit of t?
2
What is the tens digit of -1*(15/2)/(5/(-50))?
7
Let z(q) = -5*q**2 - 3*q - 8. Let g(s) = 6*s**2 + 3*s + 9. Let u(i) = -4*g(i) - 5*z(i). What is the units digit of u(-3)?
4
Suppose y + 2*y = 12. Suppose -11 = -y*j - 3. Suppose j*p + 2*p = 24. What is the units digit of p?
6
What is the units digit of (5/(-6) - -1) + (-5870)/(-60)?
8
What is the units digit of (-14 + 12)*(-274)/4?
7
Let c = 6 - 4. Suppose 3*o = -2*w + 2*o + 82, 5*w = -4*o + 208. Suppose -12 = -u - h, 5*u = c*h + 3*h + w. What is the units digit of u?
0
Suppose -18*h - 3800 = -28*h. What is the tens digit of h?
8
Let t be -10*(1 + 21/(-15)). Let u(l) = l**2 - 3*l + 5. What is the units digit of u(t)?
9
Suppose 44 = 5*a - a. What is the tens digit of a?
1
Let n = 11 - 7. Suppose -3*t = 2*w - 13, 12 = -w + n*t + 2. What is the units digit of w?
2
Suppose -20*h + 81 = -19*h. What is the tens digit of h?
8
Suppose -f - 3*o - 33 = 0, 0*f - 2*f + 3*o = 57. Let u be (-12)/(-18)*f/(-4). Suppose u = -2*q + q, -3*q - 19 = -a. What is the units digit of a?
4
Let p(y) = -2*y**3 + 3*y**2 - 4*y - 2. Let w(i) = 6*i**3 - 9*i**2 + 11*i + 5. Let o(v) = 8*p(v) + 3*w(v). What is the units digit of o(2)?
5
Let y(g) = 5*g + 5. Let q be y(4). Let s = q - -5. Suppose 0 = -c - 4*c + s. What is the units digit of c?
6
Let y(k) = -k**2 - 3*k + 1. Let j be y(-3). Suppose 3*q - 32 = j. What is the tens digit of q?
1
Let q(a) be the third derivative of -a**6/120 - a**5/30 - a**3/2 - 3*a**2. What is the tens digit of q(-4)?
2
Suppose -t = a - 120 - 33, 4*t - 616 = -3*a. What is the units digit of t?
7
Suppose v = -3 + 8. Suppose 0 = -2*c + 5 + 1. Let r = v - c. What is the units digit of r?
2
Suppose 5*r + 10 = -3*x - 2*x, 0 = -5*x + 3*r + 22. What is the units digit of 1*14*x/4?
7
Let t = 2 - -3. Suppose -7*h - 5*g = -2*h, 4*h = -t*g - 3. Let r = h - 2. What is the units digit of r?
1
Let m be (-6)/(4 - 1) - -8. Suppose -2*w = -m*w + 88. What is the tens digit of w?
2
Let p = 3 + 0. Let i(d) = -d**3 + 4*d**2 - 2*d - 2. Let k be i(3). What is the tens digit of p + (-1 - k) - -11?
1
Let j be 72/15 + (-4)/(-20). What is the units digit of (-2 - -7)*4/j?
4
Suppose 0 = -3*x + 66 + 12. What is the units digit of x?
6
Suppose -4*p + 20 = -0. Suppose 4*w + 9 = 2*w + p*j, 0 = -4*j + 20. What is the units digit of w?
8
Let l(v) = -3*v + 2*v - 2*v - 2*v. Let s be l(-1). Suppose s*o + 0*o = 5. What is the units digit of o?
1
Let x = -1 + 1. Let c = x + 9. What is the units digit of c?
9
Let c be 2 + 2*-2 - -10. Suppose -13 = 4*u + 5*s, 5*u - 2*u + 1 = 5*s. Let x = u + c. What is the units digit of x?
6
Let g = -53 + 231. What is the tens digit of g?
7
Let y be (17/2)/(2/(-4)). Let q(l) = 3*l - 5. Let f be q(11). Let a = y + f. What is the tens digit of a?
1
Let h = 11 + -16. Let o = -2 - h. What is the units digit of o?
3
Let w(x) = x**3. Let d(c) = -4*c**3 - 13*c**2 - 10*c + 5. Let g(n) = -d(n) - 3*w(n). What is the tens digit of g(-12)?
1
Suppose -28 - 44 = 4*q. What is the units digit of 3/q - 1252/(-24)?
2
Let x = -313 + 586. What is the units digit of x?
3
Suppose -4*p - 16 = -5*p. What is the tens digit of p?
1
Let x(c) = 6*c - 11. What is the tens digit of x(8)?
3
Suppose -p = -2*r + 31, -2*r = 2*p - 5 - 41. What is the units digit of r?
8
Suppose -115 = -5*v - 10. Suppose -6*q = -3*q - v. What is the units digit of q?
7
What is the tens digit of 1/(-3) - 1970/(-15)?
3
Suppose -x + 10 = -y, -4*x - 30 = -8*x - y. Let z be 0*(-2)/(-6) + x. Let l = z + -5. What is the units digit of l?
3
Let o = -1 - -4. Suppose -4*x + 3*x - 50 = -s, 4*s = -o*x + 16